{"id":1157,"date":"2012-11-18T19:12:50","date_gmt":"2012-11-18T18:12:50","guid":{"rendered":"http:\/\/www.uscars.biz\/uscars.wordpress\/?page_id=1157"},"modified":"2025-06-07T13:42:41","modified_gmt":"2025-06-07T11:42:41","slug":"equipement","status":"publish","type":"page","link":"https:\/\/www.uscars.biz\/uscars.wordpress\/chrysler\/stratus\/equipement\/","title":{"rendered":"\u00c9quipement"},"content":{"rendered":"<table style=\"width: 100%;\" border=\"0\">\n<tbody>\n<tr>\n<td width=\"28%\"><strong>Stratus<\/strong><\/td>\n<td width=\"24%\"><strong>Convertible 2 litres LE<\/strong><\/td>\n<td width=\"24%\"><strong>Convertible 2 litres LX<\/strong><\/td>\n<td width=\"24%\"><strong>Convertible 2,5 litres LX<\/strong><\/td>\n<\/tr>\n<tr>\n<td width=\"28%\"><strong>Mill\u00e9simes<\/strong><\/td>\n<td width=\"24%\"><strong>1996\/1997<\/strong><\/td>\n<td width=\"24%\"><strong>1998\/2001<\/strong><\/td>\n<td width=\"24%\"><strong>1996\/2001<\/strong><\/td>\n<\/tr>\n<tr>\n<td width=\"28%\">ABS<\/td>\n<td width=\"24%\">S\u00e9rie<\/td>\n<td width=\"24%\">S\u00e9rie<\/td>\n<td width=\"24%\">S\u00e9rie<\/td>\n<\/tr>\n<tr>\n<td width=\"28%\">Airbags conducteur \/ passager<\/td>\n<td width=\"24%\">S\u00e9rie<\/td>\n<td width=\"24%\">S\u00e9rie<\/td>\n<td width=\"24%\">S\u00e9rie<\/td>\n<\/tr>\n<tr>\n<td width=\"28%\">Autoradio K7<\/td>\n<td width=\"24%\">S\u00e9rie<\/td>\n<td width=\"24%\">S\u00e9rie<\/td>\n<td width=\"24%\">S\u00e9rie<\/td>\n<\/tr>\n<tr>\n<td width=\"28%\">Bo\u00eete automatique<\/td>\n<td width=\"24%\">Non<\/td>\n<td width=\"24%\">Non<\/td>\n<td width=\"24%\">S\u00e9rie<\/td>\n<\/tr>\n<tr>\n<td width=\"28%\">Bo\u00eete manuelle<\/td>\n<td width=\"24%\">S\u00e9rie<\/td>\n<td width=\"24%\">S\u00e9rie<\/td>\n<td width=\"24%\">Non<\/td>\n<\/tr>\n<tr>\n<td width=\"28%\">Climatisation<\/td>\n<td width=\"24%\">S\u00e9rie<\/td>\n<td width=\"24%\">S\u00e9rie<\/td>\n<td width=\"24%\">S\u00e9rie<\/td>\n<\/tr>\n<tr>\n<td width=\"28%\">R\u00e9gulateur de vitesse<\/td>\n<td width=\"24%\">S\u00e9rie<\/td>\n<td width=\"24%\">S\u00e9rie<\/td>\n<td width=\"24%\">S\u00e9rie<\/td>\n<\/tr>\n<tr>\n<td width=\"28%\">R\u00e9tros \u00e9lectriques<\/td>\n<td width=\"24%\">S\u00e9rie<\/td>\n<td width=\"24%\">S\u00e9rie<\/td>\n<td width=\"24%\">S\u00e9rie<\/td>\n<\/tr>\n<tr>\n<td width=\"28%\">Roues alliage<\/td>\n<td width=\"24%\">S\u00e9rie<\/td>\n<td width=\"24%\">S\u00e9rie<\/td>\n<td width=\"24%\">S\u00e9rie<\/td>\n<\/tr>\n<tr>\n<td width=\"28%\">Sellerie cuir<\/td>\n<td width=\"24%\">Non<\/td>\n<td width=\"24%\">S\u00e9rie<\/td>\n<td width=\"24%\">S\u00e9rie<\/td>\n<\/tr>\n<tr>\n<td width=\"28%\">Si\u00e8ge conducteur \u00e9lectrique<\/td>\n<td width=\"24%\">S\u00e9rie<\/td>\n<td width=\"24%\">S\u00e9rie<\/td>\n<td width=\"24%\">S\u00e9rie<\/td>\n<\/tr>\n<tr>\n<td width=\"28%\">Verrouillage centralis\u00e9<\/td>\n<td width=\"24%\">S\u00e9rie<\/td>\n<td width=\"24%\">S\u00e9rie<\/td>\n<td width=\"24%\">S\u00e9rie<\/td>\n<\/tr>\n<tr>\n<td width=\"28%\">Vitres \u00e9lectriques<\/td>\n<td width=\"24%\">S\u00e9rie<\/td>\n<td width=\"24%\">S\u00e9rie<\/td>\n<td width=\"24%\">S\u00e9rie<\/td>\n<\/tr>\n<\/tbody>\n<\/table>\n<table style=\"width: 100%;\" border=\"0\">\n<tbody>\n<tr>\n<td style=\"width: 50%;\" colspan=\"2\"><strong>Int\u00e9rieur<\/strong><\/td>\n<\/tr>\n<tr>\n<td style=\"width: 50%;\"><img loading=\"lazy\" decoding=\"async\" class=\"size-full wp-image-1190 aligncenter\" style=\"border: 0px; margin-top: 0px; margin-bottom: 0px;\" title=\"st_int_9x_a1\" src=\"https:\/\/www.uscars.biz\/uscars.wordpress\/wp-content\/uploads\/2012\/11\/st_int_9x_a1.jpg\" alt=\"\" width=\"315\" height=\"208\" srcset=\"https:\/\/www.uscars.biz\/uscars.wordpress\/wp-content\/uploads\/2012\/11\/st_int_9x_a1.jpg 315w, https:\/\/www.uscars.biz\/uscars.wordpress\/wp-content\/uploads\/2012\/11\/st_int_9x_a1-300x198.jpg 300w\" sizes=\"auto, (max-width: 315px) 100vw, 315px\" \/><\/td>\n<td style=\"width: 50%;\"><img loading=\"lazy\" decoding=\"async\" class=\"size-full wp-image-1191 aligncenter\" style=\"border: 0px; margin-top: 0px; margin-bottom: 0px;\" title=\"st_int_9x_a2\" src=\"https:\/\/www.uscars.biz\/uscars.wordpress\/wp-content\/uploads\/2012\/11\/st_int_9x_a2.jpg\" alt=\"\" width=\"315\" height=\"208\" srcset=\"https:\/\/www.uscars.biz\/uscars.wordpress\/wp-content\/uploads\/2012\/11\/st_int_9x_a2.jpg 315w, https:\/\/www.uscars.biz\/uscars.wordpress\/wp-content\/uploads\/2012\/11\/st_int_9x_a2-300x198.jpg 300w\" sizes=\"auto, (max-width: 315px) 100vw, 315px\" \/><\/td>\n<\/tr>\n<\/tbody>\n<\/table>\n<table style=\"width: 100%;\" border=\"0\">\n<tbody>\n<tr>\n<td><strong>Tableau de bord<\/strong><\/td>\n<\/tr>\n<tr>\n<td><img loading=\"lazy\" decoding=\"async\" class=\"size-full wp-image-1192 aligncenter\" style=\"border: 0px; margin-top: 0px; margin-bottom: 0px;\" title=\"st_tdb_9x_a1\" src=\"https:\/\/www.uscars.biz\/uscars.wordpress\/wp-content\/uploads\/2012\/11\/st_tdb_9x_a1.jpg\" alt=\"\" width=\"640\" height=\"784\" srcset=\"https:\/\/www.uscars.biz\/uscars.wordpress\/wp-content\/uploads\/2012\/11\/st_tdb_9x_a1.jpg 640w, https:\/\/www.uscars.biz\/uscars.wordpress\/wp-content\/uploads\/2012\/11\/st_tdb_9x_a1-244x300.jpg 244w\" sizes=\"auto, (max-width: 640px) 100vw, 640px\" \/><\/td>\n<\/tr>\n<\/tbody>\n<\/table>\n","protected":false},"excerpt":{"rendered":"<p>Stratus Convertible 2 litres LE Convertible 2 litres LX Convertible 2,5 litres LX Mill\u00e9simes 1996\/1997 1998\/2001 1996\/2001 ABS S\u00e9rie S\u00e9rie S\u00e9rie Airbags conducteur \/ passager S\u00e9rie S\u00e9rie S\u00e9rie Autoradio K7 S\u00e9rie S\u00e9rie S\u00e9rie Bo\u00eete automatique Non Non S\u00e9rie Bo\u00eete manuelle S\u00e9rie S\u00e9rie Non Climatisation S\u00e9rie S\u00e9rie S\u00e9rie R\u00e9gulateur de vitesse S\u00e9rie S\u00e9rie S\u00e9rie R\u00e9tros \u00e9lectriques [&hellip;]<\/p>\n","protected":false},"author":1,"featured_media":0,"parent":126,"menu_order":4,"comment_status":"closed","ping_status":"closed","template":"","meta":{"ngg_post_thumbnail":0,"footnotes":""},"class_list":["post-1157","page","type-page","status-publish","hentry"],"yoast_head":"<!-- This site is optimized with the Yoast SEO plugin v27.5 - https:\/\/yoast.com\/product\/yoast-seo-wordpress\/ -->\n<title>\u00c9quipement - US Cars<\/title>\n<meta name=\"robots\" content=\"index, follow, max-snippet:-1, max-image-preview:large, max-video-preview:-1\" \/>\n<link rel=\"canonical\" href=\"https:\/\/www.uscars.biz\/uscars.wordpress\/chrysler\/stratus\/equipement\/\" \/>\n<meta property=\"og:locale\" content=\"fr_FR\" \/>\n<meta property=\"og:type\" content=\"article\" \/>\n<meta property=\"og:title\" content=\"\u00c9quipement - US Cars\" \/>\n<meta property=\"og:description\" content=\"Stratus Convertible 2 litres LE Convertible 2 litres LX Convertible 2,5 litres LX Mill\u00e9simes 1996\/1997 1998\/2001 1996\/2001 ABS S\u00e9rie S\u00e9rie S\u00e9rie Airbags conducteur \/ passager S\u00e9rie S\u00e9rie S\u00e9rie Autoradio K7 S\u00e9rie S\u00e9rie S\u00e9rie Bo\u00eete automatique Non Non S\u00e9rie Bo\u00eete manuelle S\u00e9rie S\u00e9rie Non Climatisation S\u00e9rie S\u00e9rie S\u00e9rie R\u00e9gulateur de vitesse S\u00e9rie S\u00e9rie S\u00e9rie R\u00e9tros \u00e9lectriques [&hellip;]\" \/>\n<meta property=\"og:url\" content=\"https:\/\/www.uscars.biz\/uscars.wordpress\/chrysler\/stratus\/equipement\/\" \/>\n<meta property=\"og:site_name\" content=\"US Cars\" \/>\n<meta property=\"article:publisher\" content=\"https:\/\/www.facebook.com\/uscars.france\" \/>\n<meta property=\"article:modified_time\" content=\"2025-06-07T11:42:41+00:00\" \/>\n<meta property=\"og:image\" content=\"https:\/\/www.uscars.biz\/uscars.wordpress\/wp-content\/uploads\/2012\/11\/st_int_9x_a1.jpg\" \/>\n\t<meta property=\"og:image:width\" content=\"315\" \/>\n\t<meta property=\"og:image:height\" content=\"208\" \/>\n\t<meta property=\"og:image:type\" content=\"image\/jpeg\" \/>\n<meta name=\"twitter:card\" content=\"summary_large_image\" \/>\n<meta name=\"twitter:site\" content=\"@uscarsfrance\" \/>\n<meta name=\"twitter:label1\" content=\"Dur\u00e9e de lecture estim\u00e9e\" \/>\n\t<meta name=\"twitter:data1\" content=\"1 minute\" \/>\n<script type=\"application\/ld+json\" class=\"yoast-schema-graph\">{\"@context\":\"https:\\\/\\\/schema.org\",\"@graph\":[{\"@type\":\"WebPage\",\"@id\":\"https:\\\/\\\/www.uscars.biz\\\/uscars.wordpress\\\/chrysler\\\/stratus\\\/equipement\\\/\",\"url\":\"https:\\\/\\\/www.uscars.biz\\\/uscars.wordpress\\\/chrysler\\\/stratus\\\/equipement\\\/\",\"name\":\"\u00c9quipement - US Cars\",\"isPartOf\":{\"@id\":\"https:\\\/\\\/www.uscars.biz\\\/uscars.wordpress\\\/#website\"},\"primaryImageOfPage\":{\"@id\":\"https:\\\/\\\/www.uscars.biz\\\/uscars.wordpress\\\/chrysler\\\/stratus\\\/equipement\\\/#primaryimage\"},\"image\":{\"@id\":\"https:\\\/\\\/www.uscars.biz\\\/uscars.wordpress\\\/chrysler\\\/stratus\\\/equipement\\\/#primaryimage\"},\"thumbnailUrl\":\"https:\\\/\\\/www.uscars.biz\\\/uscars.wordpress\\\/wp-content\\\/uploads\\\/2012\\\/11\\\/st_int_9x_a1.jpg\",\"datePublished\":\"2012-11-18T18:12:50+00:00\",\"dateModified\":\"2025-06-07T11:42:41+00:00\",\"breadcrumb\":{\"@id\":\"https:\\\/\\\/www.uscars.biz\\\/uscars.wordpress\\\/chrysler\\\/stratus\\\/equipement\\\/#breadcrumb\"},\"inLanguage\":\"fr-FR\",\"potentialAction\":[{\"@type\":\"ReadAction\",\"target\":[\"https:\\\/\\\/www.uscars.biz\\\/uscars.wordpress\\\/chrysler\\\/stratus\\\/equipement\\\/\"]}]},{\"@type\":\"ImageObject\",\"inLanguage\":\"fr-FR\",\"@id\":\"https:\\\/\\\/www.uscars.biz\\\/uscars.wordpress\\\/chrysler\\\/stratus\\\/equipement\\\/#primaryimage\",\"url\":\"https:\\\/\\\/www.uscars.biz\\\/uscars.wordpress\\\/wp-content\\\/uploads\\\/2012\\\/11\\\/st_int_9x_a1.jpg\",\"contentUrl\":\"https:\\\/\\\/www.uscars.biz\\\/uscars.wordpress\\\/wp-content\\\/uploads\\\/2012\\\/11\\\/st_int_9x_a1.jpg\",\"width\":\"315\",\"height\":\"208\"},{\"@type\":\"BreadcrumbList\",\"@id\":\"https:\\\/\\\/www.uscars.biz\\\/uscars.wordpress\\\/chrysler\\\/stratus\\\/equipement\\\/#breadcrumb\",\"itemListElement\":[{\"@type\":\"ListItem\",\"position\":1,\"name\":\"Accueil\",\"item\":\"https:\\\/\\\/www.uscars.biz\\\/uscars.wordpress\\\/\"},{\"@type\":\"ListItem\",\"position\":2,\"name\":\"Chrysler\",\"item\":\"https:\\\/\\\/www.uscars.biz\\\/uscars.wordpress\\\/chrysler\\\/\"},{\"@type\":\"ListItem\",\"position\":3,\"name\":\"Chrysler Stratus de 1996 \u00e0 2001\",\"item\":\"https:\\\/\\\/www.uscars.biz\\\/uscars.wordpress\\\/chrysler\\\/stratus\\\/\"},{\"@type\":\"ListItem\",\"position\":4,\"name\":\"\u00c9quipement\"}]},{\"@type\":\"WebSite\",\"@id\":\"https:\\\/\\\/www.uscars.biz\\\/uscars.wordpress\\\/#website\",\"url\":\"https:\\\/\\\/www.uscars.biz\\\/uscars.wordpress\\\/\",\"name\":\"US Cars\",\"description\":\"La passion des voitures am\u00e9ricaines\",\"publisher\":{\"@id\":\"https:\\\/\\\/www.uscars.biz\\\/uscars.wordpress\\\/#organization\"},\"potentialAction\":[{\"@type\":\"SearchAction\",\"target\":{\"@type\":\"EntryPoint\",\"urlTemplate\":\"https:\\\/\\\/www.uscars.biz\\\/uscars.wordpress\\\/?s={search_term_string}\"},\"query-input\":{\"@type\":\"PropertyValueSpecification\",\"valueRequired\":true,\"valueName\":\"search_term_string\"}}],\"inLanguage\":\"fr-FR\"},{\"@type\":\"Organization\",\"@id\":\"https:\\\/\\\/www.uscars.biz\\\/uscars.wordpress\\\/#organization\",\"name\":\"US Cars\",\"url\":\"https:\\\/\\\/www.uscars.biz\\\/uscars.wordpress\\\/\",\"logo\":{\"@type\":\"ImageObject\",\"inLanguage\":\"fr-FR\",\"@id\":\"https:\\\/\\\/www.uscars.biz\\\/uscars.wordpress\\\/#\\\/schema\\\/logo\\\/image\\\/\",\"url\":\"https:\\\/\\\/www.uscars.biz\\\/uscars.wordpress\\\/wp-content\\\/uploads\\\/2016\\\/09\\\/cropped-uscars_carre_512x512.png\",\"contentUrl\":\"https:\\\/\\\/www.uscars.biz\\\/uscars.wordpress\\\/wp-content\\\/uploads\\\/2016\\\/09\\\/cropped-uscars_carre_512x512.png\",\"width\":512,\"height\":512,\"caption\":\"US Cars\"},\"image\":{\"@id\":\"https:\\\/\\\/www.uscars.biz\\\/uscars.wordpress\\\/#\\\/schema\\\/logo\\\/image\\\/\"},\"sameAs\":[\"https:\\\/\\\/www.facebook.com\\\/uscars.france\",\"https:\\\/\\\/x.com\\\/uscarsfrance\",\"https:\\\/\\\/www.youtube.com\\\/user\\\/uscarsdotbiz\"]}]}<\/script>\n<!-- \/ Yoast SEO plugin. -->","yoast_head_json":{"title":"\u00c9quipement - US Cars","robots":{"index":"index","follow":"follow","max-snippet":"max-snippet:-1","max-image-preview":"max-image-preview:large","max-video-preview":"max-video-preview:-1"},"canonical":"https:\/\/www.uscars.biz\/uscars.wordpress\/chrysler\/stratus\/equipement\/","og_locale":"fr_FR","og_type":"article","og_title":"\u00c9quipement - US Cars","og_description":"Stratus Convertible 2 litres LE Convertible 2 litres LX Convertible 2,5 litres LX Mill\u00e9simes 1996\/1997 1998\/2001 1996\/2001 ABS S\u00e9rie S\u00e9rie S\u00e9rie Airbags conducteur \/ passager S\u00e9rie S\u00e9rie S\u00e9rie Autoradio K7 S\u00e9rie S\u00e9rie S\u00e9rie Bo\u00eete automatique Non Non S\u00e9rie Bo\u00eete manuelle S\u00e9rie S\u00e9rie Non Climatisation S\u00e9rie S\u00e9rie S\u00e9rie R\u00e9gulateur de vitesse S\u00e9rie S\u00e9rie S\u00e9rie R\u00e9tros \u00e9lectriques [&hellip;]","og_url":"https:\/\/www.uscars.biz\/uscars.wordpress\/chrysler\/stratus\/equipement\/","og_site_name":"US Cars","article_publisher":"https:\/\/www.facebook.com\/uscars.france","article_modified_time":"2025-06-07T11:42:41+00:00","og_image":[{"width":315,"height":208,"url":"https:\/\/www.uscars.biz\/uscars.wordpress\/wp-content\/uploads\/2012\/11\/st_int_9x_a1.jpg","type":"image\/jpeg"}],"twitter_card":"summary_large_image","twitter_site":"@uscarsfrance","twitter_misc":{"Dur\u00e9e de lecture estim\u00e9e":"1 minute"},"schema":{"@context":"https:\/\/schema.org","@graph":[{"@type":"WebPage","@id":"https:\/\/www.uscars.biz\/uscars.wordpress\/chrysler\/stratus\/equipement\/","url":"https:\/\/www.uscars.biz\/uscars.wordpress\/chrysler\/stratus\/equipement\/","name":"\u00c9quipement - US Cars","isPartOf":{"@id":"https:\/\/www.uscars.biz\/uscars.wordpress\/#website"},"primaryImageOfPage":{"@id":"https:\/\/www.uscars.biz\/uscars.wordpress\/chrysler\/stratus\/equipement\/#primaryimage"},"image":{"@id":"https:\/\/www.uscars.biz\/uscars.wordpress\/chrysler\/stratus\/equipement\/#primaryimage"},"thumbnailUrl":"https:\/\/www.uscars.biz\/uscars.wordpress\/wp-content\/uploads\/2012\/11\/st_int_9x_a1.jpg","datePublished":"2012-11-18T18:12:50+00:00","dateModified":"2025-06-07T11:42:41+00:00","breadcrumb":{"@id":"https:\/\/www.uscars.biz\/uscars.wordpress\/chrysler\/stratus\/equipement\/#breadcrumb"},"inLanguage":"fr-FR","potentialAction":[{"@type":"ReadAction","target":["https:\/\/www.uscars.biz\/uscars.wordpress\/chrysler\/stratus\/equipement\/"]}]},{"@type":"ImageObject","inLanguage":"fr-FR","@id":"https:\/\/www.uscars.biz\/uscars.wordpress\/chrysler\/stratus\/equipement\/#primaryimage","url":"https:\/\/www.uscars.biz\/uscars.wordpress\/wp-content\/uploads\/2012\/11\/st_int_9x_a1.jpg","contentUrl":"https:\/\/www.uscars.biz\/uscars.wordpress\/wp-content\/uploads\/2012\/11\/st_int_9x_a1.jpg","width":"315","height":"208"},{"@type":"BreadcrumbList","@id":"https:\/\/www.uscars.biz\/uscars.wordpress\/chrysler\/stratus\/equipement\/#breadcrumb","itemListElement":[{"@type":"ListItem","position":1,"name":"Accueil","item":"https:\/\/www.uscars.biz\/uscars.wordpress\/"},{"@type":"ListItem","position":2,"name":"Chrysler","item":"https:\/\/www.uscars.biz\/uscars.wordpress\/chrysler\/"},{"@type":"ListItem","position":3,"name":"Chrysler Stratus de 1996 \u00e0 2001","item":"https:\/\/www.uscars.biz\/uscars.wordpress\/chrysler\/stratus\/"},{"@type":"ListItem","position":4,"name":"\u00c9quipement"}]},{"@type":"WebSite","@id":"https:\/\/www.uscars.biz\/uscars.wordpress\/#website","url":"https:\/\/www.uscars.biz\/uscars.wordpress\/","name":"US Cars","description":"La passion des voitures am\u00e9ricaines","publisher":{"@id":"https:\/\/www.uscars.biz\/uscars.wordpress\/#organization"},"potentialAction":[{"@type":"SearchAction","target":{"@type":"EntryPoint","urlTemplate":"https:\/\/www.uscars.biz\/uscars.wordpress\/?s={search_term_string}"},"query-input":{"@type":"PropertyValueSpecification","valueRequired":true,"valueName":"search_term_string"}}],"inLanguage":"fr-FR"},{"@type":"Organization","@id":"https:\/\/www.uscars.biz\/uscars.wordpress\/#organization","name":"US Cars","url":"https:\/\/www.uscars.biz\/uscars.wordpress\/","logo":{"@type":"ImageObject","inLanguage":"fr-FR","@id":"https:\/\/www.uscars.biz\/uscars.wordpress\/#\/schema\/logo\/image\/","url":"https:\/\/www.uscars.biz\/uscars.wordpress\/wp-content\/uploads\/2016\/09\/cropped-uscars_carre_512x512.png","contentUrl":"https:\/\/www.uscars.biz\/uscars.wordpress\/wp-content\/uploads\/2016\/09\/cropped-uscars_carre_512x512.png","width":512,"height":512,"caption":"US Cars"},"image":{"@id":"https:\/\/www.uscars.biz\/uscars.wordpress\/#\/schema\/logo\/image\/"},"sameAs":["https:\/\/www.facebook.com\/uscars.france","https:\/\/x.com\/uscarsfrance","https:\/\/www.youtube.com\/user\/uscarsdotbiz"]}]}},"jetpack_sharing_enabled":true,"jetpack_shortlink":"https:\/\/wp.me\/P2RQDg-iF","_links":{"self":[{"href":"https:\/\/www.uscars.biz\/uscars.wordpress\/wp-json\/wp\/v2\/pages\/1157","targetHints":{"allow":["GET"]}}],"collection":[{"href":"https:\/\/www.uscars.biz\/uscars.wordpress\/wp-json\/wp\/v2\/pages"}],"about":[{"href":"https:\/\/www.uscars.biz\/uscars.wordpress\/wp-json\/wp\/v2\/types\/page"}],"author":[{"embeddable":true,"href":"https:\/\/www.uscars.biz\/uscars.wordpress\/wp-json\/wp\/v2\/users\/1"}],"replies":[{"embeddable":true,"href":"https:\/\/www.uscars.biz\/uscars.wordpress\/wp-json\/wp\/v2\/comments?post=1157"}],"version-history":[{"count":18,"href":"https:\/\/www.uscars.biz\/uscars.wordpress\/wp-json\/wp\/v2\/pages\/1157\/revisions"}],"predecessor-version":[{"id":1021849,"href":"https:\/\/www.uscars.biz\/uscars.wordpress\/wp-json\/wp\/v2\/pages\/1157\/revisions\/1021849"}],"up":[{"embeddable":true,"href":"https:\/\/www.uscars.biz\/uscars.wordpress\/wp-json\/wp\/v2\/pages\/126"}],"wp:attachment":[{"href":"https:\/\/www.uscars.biz\/uscars.wordpress\/wp-json\/wp\/v2\/media?parent=1157"}],"curies":[{"name":"wp","href":"https:\/\/api.w.org\/{rel}","templated":true}]}}