{"id":1876,"date":"2012-12-14T23:34:34","date_gmt":"2012-12-14T22:34:34","guid":{"rendered":"http:\/\/www.uscars.biz\/uscars.wordpress\/?page_id=1876"},"modified":"2025-06-07T20:51:37","modified_gmt":"2025-06-07T18:51:37","slug":"articles","status":"publish","type":"page","link":"https:\/\/www.uscars.biz\/uscars.wordpress\/jeep\/grand-cherokee\/articles\/","title":{"rendered":"Articles"},"content":{"rendered":"<table style=\"width: 100%; height: 132px;\" border=\"0\">\n<tbody>\n<tr style=\"height: 20px;\">\n<td style=\"width: 38%; vertical-align: middle; height: 20px;\"><strong>Contenu<\/strong><\/td>\n<td style=\"width: 30%; height: 20px; vertical-align: middle;\"><strong>Source<\/strong><\/td>\n<td style=\"width: 29.834606%; vertical-align: middle; text-align: center; height: 20px;\"><strong>Lien de t\u00e9l\u00e9chargement<\/strong><\/td>\n<\/tr>\n<tr style=\"height: 28px;\">\n<td style=\"width: 39.56743%; vertical-align: middle; height: 28px;\">Pr\u00e9sentation Grand Cherokee ZG<\/td>\n<td style=\"width: 30.597964%; vertical-align: middle; height: 28px;\">4&#215;4 Tout Terrain \u2014 04\/1997<\/td>\n<td style=\"width: 32%; height: 28px; text-align: center; vertical-align: middle;\"><a class=\"custom-button\" href=\"https:\/\/www.uscars.biz\/uscars\/jeep-documents\/article_gchee_4x4TT_1997.pdf\">Voir cet article<\/a><\/td>\n<\/tr>\n<tr style=\"height: 28px;\">\n<td style=\"width: 39.56743%; vertical-align: middle; height: 28px;\">Essai du Grand Cherokee V6 Limited<\/td>\n<td style=\"width: 30.597964%; vertical-align: middle; height: 28px;\">Auto-Verte \u2014 04\/2001<\/td>\n<td style=\"width: 29.834606%; vertical-align: middle; text-align: center; height: 28px;\"><a class=\"custom-button\" href=\"https:\/\/www.uscars.biz\/uscars\/jeep-documents\/article_gchee_v6_2001.pdf\">Voir cet article<\/a><\/td>\n<\/tr>\n<tr style=\"height: 28px;\">\n<td style=\"width: 39.56743%; vertical-align: middle; height: 28px;\">Pr\u00e9sentation Grand Cherokee ZG<\/td>\n<td style=\"width: 30.597964%; vertical-align: middle; height: 28px;\">4&#215;4 Tout-terrain \u2014 05\/2001<\/td>\n<td style=\"width: 29.834606%; vertical-align: middle; text-align: center; height: 28px;\"><a class=\"custom-button\" href=\"https:\/\/www.uscars.biz\/uscars\/jeep-documents\/article_gchee_4x4TT_2001.pdf\">Voir cet article<\/a><\/td>\n<\/tr>\n<tr style=\"height: 28px;\">\n<td style=\"width: 39.56743%; vertical-align: middle; height: 28px;\">Pr\u00e9sentation Grand Cherokee ZG<\/td>\n<td style=\"width: 30.597964%; vertical-align: middle; height: 28px;\">Action Auto Moto \u2014 11\/2001<\/td>\n<td style=\"width: 29.834606%; vertical-align: middle; text-align: center; height: 28px;\"><a class=\"custom-button\" href=\"https:\/\/www.uscars.biz\/uscars\/jeep-documents\/article_gchee_AAM_2001.pdf\">Voir cet article<\/a><\/td>\n<\/tr>\n<\/tbody>\n<\/table>\n","protected":false},"excerpt":{"rendered":"<p>Contenu Source Lien de t\u00e9l\u00e9chargement Pr\u00e9sentation Grand Cherokee ZG 4&#215;4 Tout Terrain \u2014 04\/1997 Voir cet article Essai du Grand Cherokee V6 Limited Auto-Verte \u2014 04\/2001 Voir cet article Pr\u00e9sentation Grand Cherokee ZG 4&#215;4 Tout-terrain \u2014 05\/2001 Voir cet article Pr\u00e9sentation Grand Cherokee ZG Action Auto Moto \u2014 11\/2001 Voir cet article<\/p>\n","protected":false},"author":1,"featured_media":0,"parent":157,"menu_order":10,"comment_status":"closed","ping_status":"closed","template":"","meta":{"ngg_post_thumbnail":0,"footnotes":""},"class_list":["post-1876","page","type-page","status-publish","hentry"],"yoast_head":"<!-- This site is optimized with the Yoast SEO plugin v27.4 - https:\/\/yoast.com\/product\/yoast-seo-wordpress\/ -->\n<title>Articles - US Cars<\/title>\n<meta name=\"robots\" content=\"index, follow, max-snippet:-1, max-image-preview:large, max-video-preview:-1\" \/>\n<link rel=\"canonical\" href=\"https:\/\/www.uscars.biz\/uscars.wordpress\/jeep\/grand-cherokee\/articles\/\" \/>\n<meta property=\"og:locale\" content=\"fr_FR\" \/>\n<meta property=\"og:type\" content=\"article\" \/>\n<meta property=\"og:title\" content=\"Articles - US Cars\" \/>\n<meta property=\"og:description\" content=\"Contenu Source Lien de t\u00e9l\u00e9chargement Pr\u00e9sentation Grand Cherokee ZG 4&#215;4 Tout Terrain \u2014 04\/1997 Voir cet article Essai du Grand Cherokee V6 Limited Auto-Verte \u2014 04\/2001 Voir cet article Pr\u00e9sentation Grand Cherokee ZG 4&#215;4 Tout-terrain \u2014 05\/2001 Voir cet article Pr\u00e9sentation Grand Cherokee ZG Action Auto Moto \u2014 11\/2001 Voir cet article\" \/>\n<meta property=\"og:url\" content=\"https:\/\/www.uscars.biz\/uscars.wordpress\/jeep\/grand-cherokee\/articles\/\" \/>\n<meta property=\"og:site_name\" content=\"US Cars\" \/>\n<meta property=\"article:publisher\" content=\"https:\/\/www.facebook.com\/uscars.france\" \/>\n<meta property=\"article:modified_time\" content=\"2025-06-07T18:51:37+00:00\" \/>\n<meta name=\"twitter:card\" content=\"summary_large_image\" \/>\n<meta name=\"twitter:site\" content=\"@uscarsfrance\" \/>\n<meta name=\"twitter:label1\" content=\"Dur\u00e9e de lecture estim\u00e9e\" \/>\n\t<meta name=\"twitter:data1\" content=\"1 minute\" \/>\n<script type=\"application\/ld+json\" class=\"yoast-schema-graph\">{\"@context\":\"https:\\\/\\\/schema.org\",\"@graph\":[{\"@type\":\"WebPage\",\"@id\":\"https:\\\/\\\/www.uscars.biz\\\/uscars.wordpress\\\/jeep\\\/grand-cherokee\\\/articles\\\/\",\"url\":\"https:\\\/\\\/www.uscars.biz\\\/uscars.wordpress\\\/jeep\\\/grand-cherokee\\\/articles\\\/\",\"name\":\"Articles - US Cars\",\"isPartOf\":{\"@id\":\"https:\\\/\\\/www.uscars.biz\\\/uscars.wordpress\\\/#website\"},\"datePublished\":\"2012-12-14T22:34:34+00:00\",\"dateModified\":\"2025-06-07T18:51:37+00:00\",\"breadcrumb\":{\"@id\":\"https:\\\/\\\/www.uscars.biz\\\/uscars.wordpress\\\/jeep\\\/grand-cherokee\\\/articles\\\/#breadcrumb\"},\"inLanguage\":\"fr-FR\",\"potentialAction\":[{\"@type\":\"ReadAction\",\"target\":[\"https:\\\/\\\/www.uscars.biz\\\/uscars.wordpress\\\/jeep\\\/grand-cherokee\\\/articles\\\/\"]}]},{\"@type\":\"BreadcrumbList\",\"@id\":\"https:\\\/\\\/www.uscars.biz\\\/uscars.wordpress\\\/jeep\\\/grand-cherokee\\\/articles\\\/#breadcrumb\",\"itemListElement\":[{\"@type\":\"ListItem\",\"position\":1,\"name\":\"Accueil\",\"item\":\"https:\\\/\\\/www.uscars.biz\\\/uscars.wordpress\\\/\"},{\"@type\":\"ListItem\",\"position\":2,\"name\":\"Jeep\",\"item\":\"https:\\\/\\\/www.uscars.biz\\\/uscars.wordpress\\\/jeep\\\/\"},{\"@type\":\"ListItem\",\"position\":3,\"name\":\"Jeep Grand Cherokee de 1992 \u00e0 2021\",\"item\":\"https:\\\/\\\/www.uscars.biz\\\/uscars.wordpress\\\/jeep\\\/grand-cherokee\\\/\"},{\"@type\":\"ListItem\",\"position\":4,\"name\":\"Articles\"}]},{\"@type\":\"WebSite\",\"@id\":\"https:\\\/\\\/www.uscars.biz\\\/uscars.wordpress\\\/#website\",\"url\":\"https:\\\/\\\/www.uscars.biz\\\/uscars.wordpress\\\/\",\"name\":\"US Cars\",\"description\":\"La passion des voitures am\u00e9ricaines\",\"publisher\":{\"@id\":\"https:\\\/\\\/www.uscars.biz\\\/uscars.wordpress\\\/#organization\"},\"potentialAction\":[{\"@type\":\"SearchAction\",\"target\":{\"@type\":\"EntryPoint\",\"urlTemplate\":\"https:\\\/\\\/www.uscars.biz\\\/uscars.wordpress\\\/?s={search_term_string}\"},\"query-input\":{\"@type\":\"PropertyValueSpecification\",\"valueRequired\":true,\"valueName\":\"search_term_string\"}}],\"inLanguage\":\"fr-FR\"},{\"@type\":\"Organization\",\"@id\":\"https:\\\/\\\/www.uscars.biz\\\/uscars.wordpress\\\/#organization\",\"name\":\"US Cars\",\"url\":\"https:\\\/\\\/www.uscars.biz\\\/uscars.wordpress\\\/\",\"logo\":{\"@type\":\"ImageObject\",\"inLanguage\":\"fr-FR\",\"@id\":\"https:\\\/\\\/www.uscars.biz\\\/uscars.wordpress\\\/#\\\/schema\\\/logo\\\/image\\\/\",\"url\":\"https:\\\/\\\/www.uscars.biz\\\/uscars.wordpress\\\/wp-content\\\/uploads\\\/2016\\\/09\\\/cropped-uscars_carre_512x512.png\",\"contentUrl\":\"https:\\\/\\\/www.uscars.biz\\\/uscars.wordpress\\\/wp-content\\\/uploads\\\/2016\\\/09\\\/cropped-uscars_carre_512x512.png\",\"width\":512,\"height\":512,\"caption\":\"US Cars\"},\"image\":{\"@id\":\"https:\\\/\\\/www.uscars.biz\\\/uscars.wordpress\\\/#\\\/schema\\\/logo\\\/image\\\/\"},\"sameAs\":[\"https:\\\/\\\/www.facebook.com\\\/uscars.france\",\"https:\\\/\\\/x.com\\\/uscarsfrance\",\"https:\\\/\\\/www.youtube.com\\\/user\\\/uscarsdotbiz\"]}]}<\/script>\n<!-- \/ Yoast SEO plugin. -->","yoast_head_json":{"title":"Articles - US Cars","robots":{"index":"index","follow":"follow","max-snippet":"max-snippet:-1","max-image-preview":"max-image-preview:large","max-video-preview":"max-video-preview:-1"},"canonical":"https:\/\/www.uscars.biz\/uscars.wordpress\/jeep\/grand-cherokee\/articles\/","og_locale":"fr_FR","og_type":"article","og_title":"Articles - US Cars","og_description":"Contenu Source Lien de t\u00e9l\u00e9chargement Pr\u00e9sentation Grand Cherokee ZG 4&#215;4 Tout Terrain \u2014 04\/1997 Voir cet article Essai du Grand Cherokee V6 Limited Auto-Verte \u2014 04\/2001 Voir cet article Pr\u00e9sentation Grand Cherokee ZG 4&#215;4 Tout-terrain \u2014 05\/2001 Voir cet article Pr\u00e9sentation Grand Cherokee ZG Action Auto Moto \u2014 11\/2001 Voir cet article","og_url":"https:\/\/www.uscars.biz\/uscars.wordpress\/jeep\/grand-cherokee\/articles\/","og_site_name":"US Cars","article_publisher":"https:\/\/www.facebook.com\/uscars.france","article_modified_time":"2025-06-07T18:51:37+00:00","twitter_card":"summary_large_image","twitter_site":"@uscarsfrance","twitter_misc":{"Dur\u00e9e de lecture estim\u00e9e":"1 minute"},"schema":{"@context":"https:\/\/schema.org","@graph":[{"@type":"WebPage","@id":"https:\/\/www.uscars.biz\/uscars.wordpress\/jeep\/grand-cherokee\/articles\/","url":"https:\/\/www.uscars.biz\/uscars.wordpress\/jeep\/grand-cherokee\/articles\/","name":"Articles - US Cars","isPartOf":{"@id":"https:\/\/www.uscars.biz\/uscars.wordpress\/#website"},"datePublished":"2012-12-14T22:34:34+00:00","dateModified":"2025-06-07T18:51:37+00:00","breadcrumb":{"@id":"https:\/\/www.uscars.biz\/uscars.wordpress\/jeep\/grand-cherokee\/articles\/#breadcrumb"},"inLanguage":"fr-FR","potentialAction":[{"@type":"ReadAction","target":["https:\/\/www.uscars.biz\/uscars.wordpress\/jeep\/grand-cherokee\/articles\/"]}]},{"@type":"BreadcrumbList","@id":"https:\/\/www.uscars.biz\/uscars.wordpress\/jeep\/grand-cherokee\/articles\/#breadcrumb","itemListElement":[{"@type":"ListItem","position":1,"name":"Accueil","item":"https:\/\/www.uscars.biz\/uscars.wordpress\/"},{"@type":"ListItem","position":2,"name":"Jeep","item":"https:\/\/www.uscars.biz\/uscars.wordpress\/jeep\/"},{"@type":"ListItem","position":3,"name":"Jeep Grand Cherokee de 1992 \u00e0 2021","item":"https:\/\/www.uscars.biz\/uscars.wordpress\/jeep\/grand-cherokee\/"},{"@type":"ListItem","position":4,"name":"Articles"}]},{"@type":"WebSite","@id":"https:\/\/www.uscars.biz\/uscars.wordpress\/#website","url":"https:\/\/www.uscars.biz\/uscars.wordpress\/","name":"US Cars","description":"La passion des voitures am\u00e9ricaines","publisher":{"@id":"https:\/\/www.uscars.biz\/uscars.wordpress\/#organization"},"potentialAction":[{"@type":"SearchAction","target":{"@type":"EntryPoint","urlTemplate":"https:\/\/www.uscars.biz\/uscars.wordpress\/?s={search_term_string}"},"query-input":{"@type":"PropertyValueSpecification","valueRequired":true,"valueName":"search_term_string"}}],"inLanguage":"fr-FR"},{"@type":"Organization","@id":"https:\/\/www.uscars.biz\/uscars.wordpress\/#organization","name":"US Cars","url":"https:\/\/www.uscars.biz\/uscars.wordpress\/","logo":{"@type":"ImageObject","inLanguage":"fr-FR","@id":"https:\/\/www.uscars.biz\/uscars.wordpress\/#\/schema\/logo\/image\/","url":"https:\/\/www.uscars.biz\/uscars.wordpress\/wp-content\/uploads\/2016\/09\/cropped-uscars_carre_512x512.png","contentUrl":"https:\/\/www.uscars.biz\/uscars.wordpress\/wp-content\/uploads\/2016\/09\/cropped-uscars_carre_512x512.png","width":512,"height":512,"caption":"US Cars"},"image":{"@id":"https:\/\/www.uscars.biz\/uscars.wordpress\/#\/schema\/logo\/image\/"},"sameAs":["https:\/\/www.facebook.com\/uscars.france","https:\/\/x.com\/uscarsfrance","https:\/\/www.youtube.com\/user\/uscarsdotbiz"]}]}},"jetpack_sharing_enabled":true,"jetpack_shortlink":"https:\/\/wp.me\/P2RQDg-ug","_links":{"self":[{"href":"https:\/\/www.uscars.biz\/uscars.wordpress\/wp-json\/wp\/v2\/pages\/1876","targetHints":{"allow":["GET"]}}],"collection":[{"href":"https:\/\/www.uscars.biz\/uscars.wordpress\/wp-json\/wp\/v2\/pages"}],"about":[{"href":"https:\/\/www.uscars.biz\/uscars.wordpress\/wp-json\/wp\/v2\/types\/page"}],"author":[{"embeddable":true,"href":"https:\/\/www.uscars.biz\/uscars.wordpress\/wp-json\/wp\/v2\/users\/1"}],"replies":[{"embeddable":true,"href":"https:\/\/www.uscars.biz\/uscars.wordpress\/wp-json\/wp\/v2\/comments?post=1876"}],"version-history":[{"count":16,"href":"https:\/\/www.uscars.biz\/uscars.wordpress\/wp-json\/wp\/v2\/pages\/1876\/revisions"}],"predecessor-version":[{"id":1022206,"href":"https:\/\/www.uscars.biz\/uscars.wordpress\/wp-json\/wp\/v2\/pages\/1876\/revisions\/1022206"}],"up":[{"embeddable":true,"href":"https:\/\/www.uscars.biz\/uscars.wordpress\/wp-json\/wp\/v2\/pages\/157"}],"wp:attachment":[{"href":"https:\/\/www.uscars.biz\/uscars.wordpress\/wp-json\/wp\/v2\/media?parent=1876"}],"curies":[{"name":"wp","href":"https:\/\/api.w.org\/{rel}","templated":true}]}}